re the prime factors of f?
1499
Let f be 3 - (-345 - (-10)/5). Let k = -217 + f. What are the prime factors of k?
3, 43
What are the prime factors of 58646/63 + ((-259)/(-63) - 4)?
7, 19
Let v = -201 + 368. Let g = 304 - v. List the prime factors of g.
137
Let h be (0/(-2))/(34/(-17)). List the prime factors of 32 - ((h - -2) + 0).
2, 3, 5
What are the prime factors of ((-484)/(-8))/((-8)/(-48))?
3, 11
Suppose 0 = v - 4*p + 13, -5*p + 22 = -v + 5. Let i = v - 1. Suppose 0 = -0*z + i*z - 44. List the prime factors of z.
2, 11
Let x = -686 - -3584. List the prime factors of x.
2, 3, 7, 23
Let x(o) = -5*o - 2. Let s be x(-1). Let f(k) = 4*k**2 - 8. What are the prime factors of f(s)?
2, 7
Let f(n) = -4430*n - 104. What are the prime factors of f(-1)?
2, 3, 7, 103
Let t = 13 - 9. Let v = t - 2. Let k = 15 - v. List the prime factors of k.
13
Suppose z - 5 + 2 = w, 3 = -4*w - 5*z. Let u be 2/w - (-2 + -1). What are the prime factors of (-9)/u*104/(-12)?
3, 13
Let u(z) = -22*z + 1. Let r(v) = -7*v. Let f(b) = -8*r(b) + 3*u(b). List the prime factors of f(-7).
73
Let l(c) = 2*c**2 + 11*c - 9. Let p(y) = y**3 + 6*y**2 + 7*y + 1. Let s be p(-5). What are the prime factors of l(s)?
2, 3
List the prime factors of 8414/22 - 174/(-319).
383
Let v(j) = j**2 + 6*j + 6. Let a be v(-9). Let b be 4/2 + -4 + 19. Let g = a - b. List the prime factors of g.
2
Let k = 311 + -204. What are the prime factors of k?
107
Let w = 4938 - 3465. What are the prime factors of w?
3, 491
Suppose x = 3*x + j - 1, -x + 3*j + 18 = 0. Suppose 0 = l - 4*f - 36, -x*l = -l + 2*f - 72. List the prime factors of l.
2, 3
Suppose 5*b = -2896 + 5256. List the prime factors of b.
2, 59
Let r = 24 + 180. What are the prime factors of r?
2, 3, 17
Let h(c) = c**3 - 20*c**2 + 2*c. List the prime factors of h(21).
3, 7, 23
Let x(d) = 4*d**3 + 3*d**2 + 11*d**3 + d - 4*d**2 - 1. Let g = -43 + 44. List the prime factors of x(g).
2, 7
Let j = 486 - 215. List the prime factors of j.
271
What are the prime factors of (0 - -3107) + (0/(-6))/(-7)?
13, 239
Suppose 2*w + 3*s - 1419 - 3739 = 0, 5*w - 12869 = -s. List the prime factors of w.
31, 83
Suppose -4*g + 30 = -22. Let s = g + -3. List the prime factors of s.
2, 5
Let t be (-1)/(24/9 + -3). Suppose -5*q = t*j - 23, -35 = -3*q + j - 10. Let z = -4 + q. What are the prime factors of z?
3
Suppose -11*g + 672 + 8062 = 0. List the prime factors of g.
2, 397
Let w(q) = 9*q + 4. Let d(r) = -17*r - 9. Let a(u) = 6*d(u) + 11*w(u). Let b be a(-7). Suppose b = 3*n + 2. List the prime factors of n.
3
Let w = 958 + -757. List the prime factors of w.
3, 67
Suppose 11*g = 1296 - 42. What are the prime factors of g?
2, 3, 19
Let a(q) = -q**3 - 2*q**2 + q - 65. Let j be a(0). Let g = 201 + j. What are the prime factors of g?
2, 17
Suppose 60*y + 16625 = 41225. What are the prime factors of y?
2, 5, 41
Suppose -12*u = -15*u. What are the prime factors of (-4)/12*u - 62/(-2)?
31
Let t be 1/(3 + 12/(-3)). What are the prime factors of (-361)/(-5) + t/5?
2, 3
Let p(n) = -n. Let o be p(0). Suppose o = -d - 7*d + 1520. What are the prime factors of d?
2, 5, 19
Let y = 103 - 42. What are the prime factors of y?
61
Suppose -314 - 922 = -6*h. Suppose -3*s + 88 = -h. What are the prime factors of s?
2, 7
Let b = 40 + -38. Suppose p - 2*x + x = 27, b*x + 83 = 3*p. List the prime factors of p.
29
List the prime factors of (-7)/(252/102)*-114.
17, 19
Let y = -277 - -505. Let p = y - 162. What are the prime factors of p?
2, 3, 11
Let h = 1383 + -372. What are the prime factors of h?
3, 337
Let q(p) = p**3 + 12*p**2 - p - 12. Let u be q(-12). Suppose u*x - 2*x = -104. What are the prime factors of x?
2, 13
Let u(g) = 36*g**2 + 286*g + 9. What are the prime factors of u(-10)?
7, 107
Let b = 46 - 44. Suppose 4*r - b*r = 0, 0 = 3*z - r - 495. What are the prime factors of z?
3, 5, 11
Let g be (-2)/5 + (-66)/(-15). Let b(a) = -3*a - g + a**3 - 2*a**3 - 2*a + 6*a**2 + 2*a. What are the prime factors of b(4)?
2
What are the prime factors of 386/3*(-4 - -7)?
2, 193
Let j(h) = h**2 + 11*h + 34. Let m be j(-6). Suppose -m*d + 883 + 345 = 0. List the prime factors of d.
307
Let a(n) = n**2 + 6*n - 2. Let h be a(-6). List the prime factors of (-3 - -41) + 2/h*3.
5, 7
What are the prime factors of (1 + (-14)/6)*121074/(-68)?
2, 1187
Let x = -60 + 55. List the prime factors of (x/((-15)/(-2)))/(4/(-966)).
7, 23
Let c(f) be the first derivative of f**2/2 - 44*f - 3. Let j be c(14). Let d = j - -57. List the prime factors of d.
3
Let o(a) = a**2 + 24*a - 32. Let f be o(-24). List the prime factors of f/((-3)/(-5) + (-40)/25).
2
Suppose -214*l + 10206 = -196*l. What are the prime factors of l?
3, 7
Let u be (-2 - -9) + 6/(-2). Suppose 0*i = i + u*o - 84, -3*o = 2*i - 178. Suppose -x + i = 3*x. What are the prime factors of x?
23
Let f = -606 - -704. What are the prime factors of f?
2, 7
Suppose -3*v - 5*u = -818 - 1043, 0 = v - 2*u - 602. List the prime factors of v.
2, 3, 17
Let b(f) = 2*f - 6. Let j(c) = c + 11. Let q be j(-8). Let z be b(q). Let w(s) = s**2 - 2*s + 32. What are the prime factors of w(z)?
2
Let q = 235 + -396. Let j = -82 - q. What are the prime factors of j?
79
Suppose -r = -4*c - 342, 107 = r + 5*c - 235. What are the prime factors of r?
2, 3, 19
Suppose -3*u = -4*c + 8*c - 202, -4*c - 358 = -5*u. Let i = 94 + u. List the prime factors of i.
2, 41
Let s be 6/(-7) - -1 - 13599/(-63). Let x = 384 - s. List the prime factors of x.
2, 3, 7
Suppose 4*x - 20*u + 24*u = 2644, -2*x + u + 1319 = 0. List the prime factors of x.
2, 3, 5, 11
Suppose -4*x + 172 = 2*p, 2*p - 421 = -3*p - x. Let h be (p/(-70))/((-4)/(-10)). What are the prime factors of (-28)/42 + (-167)/h?
5, 11
Let o be (-2 - -1)*1 + 133. Suppose o = s + 3*s. What are the prime factors of s?
3, 11
Let c be (-2 - -2)*(3 + -2). Suppose -r + 40 = 2*p, 50 = r - 3*p - c*p. What are the prime factors of r?
2, 11
Let k(m) = 158*m - 148*m + 2 - 2. Let o be (-2 - -5) + (-3 - -2). List the prime factors of k(o).
2, 5
Let q(j) = 5*j - 2. Let a be q(-3). Let r = -18 - a. Let g = 1 - r. What are the prime factors of g?
2
Suppose -3479 = 3*h - 10*h. What are the prime factors of h?
7, 71
List the prime factors of (-10)/45*1137*6/(-4).
379
Let s = 21 + -16. Suppose -s*p = -0*p - 385. List the prime factors of p.
7, 11
Let c = -55 + 39. Let m be 5 - (-4)/c*4. Let y = m + 0. List the prime factors of y.
2
Suppose -5*a + 2754 = y, 4*y + 4*a = a + 11050. What are the prime factors of y?
2, 691
Suppose -3*v - 3*r = -21, -r = -v + r + 7. Let q = v + 10. List the prime factors of q.
17
Suppose -17*h = -12*h - 1110. Suppose 0 = -5*p - w + h, 8 = -2*w + 2. What are the prime factors of p?
3, 5
List the prime factors of (1/(-2))/(-2*(-4)/(-14128)).
883
Let w(v) = 18*v - 41. What are the prime factors of w(8)?
103
Let g = 8 + -13. What are the prime factors of (g/15)/(1/(-96))?
2
What are the prime factors of 22/(-77) - 4818/(-7)?
2, 43
Let g be (-6)/36 + 50/12. Suppose -g*d = -4*k + 476, 4*k + 109 = -2*d - 99. Let r = -55 - d. What are the prime factors of r?
59
Suppose -3*h - 4*q + 44 = 0, 3*h - 39 = -q - 2*q. Suppose -i - 3*i = -h. Suppose -4*g + 32 = -2*d, -26 = -3*g - 0*g + i*d. List the prime factors of g.
2, 3
Let x = -6 + 0. Let v(u) = u**3 + 4*u**2 - 9*u - 2. Let b be v(x). Let q = 51 + b. List the prime factors of q.
31
Let v(c) = 2*c + 35. Let u be v(-8). Suppose 4*d = 3*l + 177, -u = -d + 2*l + 24. List the prime factors of d.
3, 5
Let r(p) = -11*p + 5. Let o be r(7). Let c = -30 - o. List the prime factors of c.
2, 3, 7
Suppose 3*y - 25868 = -5*l, -57*l + 55*l = 4*y - 10350. What are the prime factors of l?
7, 739
Let p(x) = 7*x**2 - 2*x + 14. Let n be p(-5). Let o = n + 24. What are the prime factors of o?
223
Suppose -13 = 3*j - 2*f, 0*f + f = -3*j - 7. Let q be (j - 9)/((-6)/4). Suppose 47 = w - q. List the prime factors of w.
5, 11
Let h(w) = 5*w**2 - 3*w + 3. Let f be h(1). Suppose 0*x - 51 = -b + 4*x, 299 = f*b + 2*x. What are the prime factors of b?
59
Suppose 4*w = 5*q + 3119, -w - 1567 = -3*w + q. What are the prime factors of w?
2, 3, 131
Let l(h) = -25*h + 89. Let c(j) = 6*j - 22. Let s(n) = 9*c(n) + 2*l(n). What are the prime factors of s(6)?
2
Let o = 32 + -19. Let q(i) = -i**2 + 15*i + 7. List the prime factors of 